{"id":25,"date":"2019-01-30T14:22:18","date_gmt":"2019-01-30T20:22:18","guid":{"rendered":"https:\/\/www.aprenderaaprender.mx\/?page_id=25"},"modified":"2021-11-28T20:18:54","modified_gmt":"2021-11-29T02:18:54","slug":"inicio","status":"publish","type":"page","link":"https:\/\/www.aprenderaaprender.com.mx\/","title":{"rendered":"Inicio"},"content":{"rendered":"<div id=\"pl-gb25-6a06ade674e11\"  class=\"panel-layout\" ><div id=\"pg-gb25-6a06ade674e11-0\"  class=\"panel-grid panel-no-style\" ><div id=\"pgc-gb25-6a06ade674e11-0-0\"  class=\"panel-grid-cell\" ><div id=\"panel-gb25-6a06ade674e11-0-0-0\" class=\"so-panel widget widget_media_image panel-first-child\" data-index=\"0\" ><img loading=\"lazy\" decoding=\"async\" width=\"276\" height=\"156\" src=\"https:\/\/www.aprenderaaprender.com.mx\/wp-content\/uploads\/2021\/11\/1.jpg\" class=\"image wp-image-208  attachment-full size-full\" alt=\"\" style=\"max-width: 100%; height: auto;\" \/><\/div><div id=\"panel-gb25-6a06ade674e11-0-0-1\" class=\"so-panel widget widget_sow-editor panel-last-child\" data-index=\"1\" ><div\n\t\t\t\n\t\t\tclass=\"so-widget-sow-editor so-widget-sow-editor-base\"\n\t\t\t\n\t\t>\n<div class=\"siteorigin-widget-tinymce textwidget\">\n\t<h1 class=\"font_0\" style=\"text-align: center;\"><span style=\"color: #000000;\">CE0038-OC039-15<\/span><\/h1>\n<\/div>\n<\/div><\/div><\/div><div id=\"pgc-gb25-6a06ade674e11-0-1\"  class=\"panel-grid-cell\" ><div id=\"panel-gb25-6a06ade674e11-0-1-0\" class=\"so-panel widget widget_media_image panel-first-child panel-last-child\" data-index=\"2\" ><img loading=\"lazy\" decoding=\"async\" width=\"300\" height=\"239\" src=\"https:\/\/www.aprenderaaprender.com.mx\/wp-content\/uploads\/2019\/01\/imagen1-300x239.png\" class=\"image wp-image-88  attachment-medium size-medium\" alt=\"\" style=\"max-width: 100%; height: auto;\" srcset=\"https:\/\/www.aprenderaaprender.com.mx\/wp-content\/uploads\/2019\/01\/imagen1-300x239.png 300w, https:\/\/www.aprenderaaprender.com.mx\/wp-content\/uploads\/2019\/01\/imagen1.png 343w\" sizes=\"auto, (max-width: 300px) 100vw, 300px\" \/><\/div><\/div><\/div><\/div>\n\n<div id=\"pl-gb25-6a06ade677797\"  class=\"panel-layout\" ><div id=\"pg-gb25-6a06ade677797-0\"  class=\"panel-grid panel-has-style\" ><div class=\"panel-row-style panel-row-style-for-gb25-6a06ade677797-0\" ><div id=\"pgc-gb25-6a06ade677797-0-0\"  class=\"panel-grid-cell\" ><div id=\"panel-gb25-6a06ade677797-0-0-0\" class=\"so-panel widget widget_sow-editor panel-first-child panel-last-child\" data-index=\"0\" ><div\n\t\t\t\n\t\t\tclass=\"so-widget-sow-editor so-widget-sow-editor-base\"\n\t\t\t\n\t\t>\n<div class=\"siteorigin-widget-tinymce textwidget\">\n\t<p>Lecciones privadas con atenci\u00f3n especial para tus hijos:<\/p>\n<ul>\n<li>Prescolar, primaria, secundaria, preparatoria<\/li>\n<li>Asesor\u00eda para el desarrollo de tesis nivel profesional,<\/li>\n<li>Asesor\u00eda, Prepa abierta para \u00fanico examen del CENEVAL para mayores de 21 a\u00f1os.<\/li>\n<\/ul>\n<\/div>\n<\/div><\/div><\/div><div id=\"pgc-gb25-6a06ade677797-0-1\"  class=\"panel-grid-cell\" ><div id=\"panel-gb25-6a06ade677797-0-1-0\" class=\"so-panel widget widget_sow-editor panel-first-child panel-last-child\" data-index=\"1\" ><div\n\t\t\t\n\t\t\tclass=\"so-widget-sow-editor so-widget-sow-editor-base\"\n\t\t\t\n\t\t>\n<div class=\"siteorigin-widget-tinymce textwidget\">\n\t<h1 style=\"text-align: center;\">Agenda una cita<\/h1>\n<h1 style=\"text-align: center;\">844-139-33 27<br \/>\n4-18-22-20<\/h1>\n<\/div>\n<\/div><\/div><\/div><\/div><\/div><\/div>","protected":false},"excerpt":{"rendered":"<p>CE0038-OC039-15<\/p>\n","protected":false},"author":1,"featured_media":0,"parent":0,"menu_order":0,"comment_status":"closed","ping_status":"closed","template":"","meta":{"footnotes":""},"class_list":["post-25","page","type-page","status-publish","hentry","post"],"_links":{"self":[{"href":"https:\/\/www.aprenderaaprender.com.mx\/index.php\/wp-json\/wp\/v2\/pages\/25","targetHints":{"allow":["GET"]}}],"collection":[{"href":"https:\/\/www.aprenderaaprender.com.mx\/index.php\/wp-json\/wp\/v2\/pages"}],"about":[{"href":"https:\/\/www.aprenderaaprender.com.mx\/index.php\/wp-json\/wp\/v2\/types\/page"}],"author":[{"embeddable":true,"href":"https:\/\/www.aprenderaaprender.com.mx\/index.php\/wp-json\/wp\/v2\/users\/1"}],"replies":[{"embeddable":true,"href":"https:\/\/www.aprenderaaprender.com.mx\/index.php\/wp-json\/wp\/v2\/comments?post=25"}],"version-history":[{"count":15,"href":"https:\/\/www.aprenderaaprender.com.mx\/index.php\/wp-json\/wp\/v2\/pages\/25\/revisions"}],"predecessor-version":[{"id":210,"href":"https:\/\/www.aprenderaaprender.com.mx\/index.php\/wp-json\/wp\/v2\/pages\/25\/revisions\/210"}],"wp:attachment":[{"href":"https:\/\/www.aprenderaaprender.com.mx\/index.php\/wp-json\/wp\/v2\/media?parent=25"}],"curies":[{"name":"wp","href":"https:\/\/api.w.org\/{rel}","templated":true}]}}