{"id":117,"date":"2019-02-04T21:18:17","date_gmt":"2019-02-05T03:18:17","guid":{"rendered":"https:\/\/www.aprenderaaprender.mx\/?page_id=117"},"modified":"2019-02-05T18:45:30","modified_gmt":"2019-02-06T00:45:30","slug":"nosotros","status":"publish","type":"page","link":"https:\/\/www.aprenderaaprender.com.mx\/index.php\/nosotros\/","title":{"rendered":"Nosotros"},"content":{"rendered":"\n\n\n\n<h2 class=\"grande wp-block-heading\">NUESTRA FILOSOF\u00cdA<\/h2>\n\n\n\n<div class=\"wp-block-columns has-2-columns is-layout-flex wp-container-core-columns-is-layout-9d6595d7 wp-block-columns-is-layout-flex\">\n<div class=\"wp-block-column is-layout-flow wp-block-column-is-layout-flow\">\n<h2 class=\"wp-block-heading\"><strong>Misi\u00f3n:<\/strong><\/h2>\n\n\n\n<p>\n\nSomos un centro educativo constituido en el esp\u00edritu de educar con fundamento en el desarrollo de la creatividad, que cree en la persona y la forma para ser cr\u00edtica de la realidad, competente ante los retos del mundo de hoy, capaz de participar con capacidad y responsabilidad en la transformaci\u00f3n de la sociedad.\n\n<\/p>\n<\/div>\n\n\n\n<div class=\"wp-block-column is-layout-flow wp-block-column-is-layout-flow\">\n<h2 class=\"wp-block-heading\"> <strong>Visi\u00f3n:<\/strong> <\/h2>\n\n\n\n<p>\n\nAprender a Aprender es el centro de&nbsp; Aprendizaje Virtual,&nbsp; reconocido nacional e Internacional por su alta calidad&nbsp; en el servicio&nbsp; educativo fundamentados sus procesos en el Aprender A &nbsp;Aprender, dando servicio en las diferentes ramas de las ciencias de la educaci\u00f3n, que pretende mejorar&nbsp;&nbsp; a trav\u00e9s de la creatividad&nbsp; la formaci\u00f3n integral del ser humano.\n\n<\/p>\n<\/div>\n<\/div>\n\n\n\n<h2 class=\"wp-block-heading\"><strong>Valores:<\/strong><\/h2>\n\n\n\n<p> Los valores de&nbsp; \u201cAprender a Aprender\u201d <\/p>\n\n\n\n<ul class=\"wp-block-list\"><li>Excelencia: acad\u00e9mica y libertad de c\u00e1tedra<\/li><li>Compromiso: para estudiar y aprender como medio de superaci\u00f3n personal y colectivo<\/li><li>Desarrollo profesional:&nbsp; educaci\u00f3n para la vida<\/li><li>Voluntad: para colaborar y ayudar a la sociedad<\/li><li>Honestidad, integridad personal: respeto al entorno&nbsp; y al individuo<\/li><\/ul>\n\n\n\n<h2 class=\"grande wp-block-heading\"> <strong>Adem\u00e1s de brindar educaci\u00f3n&#8230;<\/strong> <\/h2>\n\n\n\n<p><strong>Psicolog\u00eda:<\/strong>&nbsp;Familiar e infantil<br> <strong>Ingles:<\/strong>&nbsp;Por niveles ni\u00f1os y adultos <\/p>\n\n\n\n<p><strong>Capacitaci\u00f3n y Actualizaci\u00f3n<\/strong><br>En el \u00e1rea Educativa, Administraci\u00f3n, Contabilidad y Desarrollo Organizacional <\/p>\n\n\n\n<p><strong>Evaluaci\u00f3n y certificaci\u00f3n<\/strong><br>Certificaci\u00f3n de competencias laborales&nbsp;&nbsp; <\/p>\n\n\n\n<p><strong>Terapia Audici\u00f3n y lenguaje<\/strong>&nbsp;<\/p>\n","protected":false},"excerpt":{"rendered":"<p>NUESTRA FILOSOF\u00cdA Misi\u00f3n: Somos un centro educativo constituido en el esp\u00edritu de educar con fundamento en el desarrollo de la creatividad, que cree en la persona y la forma para ser cr\u00edtica de la realidad, competente ante los retos del mundo de hoy, capaz de participar con capacidad y responsabilidad en la transformaci\u00f3n de la [&hellip;]<\/p>\n","protected":false},"author":1,"featured_media":0,"parent":0,"menu_order":0,"comment_status":"closed","ping_status":"closed","template":"","meta":{"footnotes":""},"class_list":["post-117","page","type-page","status-publish","hentry","post"],"_links":{"self":[{"href":"https:\/\/www.aprenderaaprender.com.mx\/index.php\/wp-json\/wp\/v2\/pages\/117","targetHints":{"allow":["GET"]}}],"collection":[{"href":"https:\/\/www.aprenderaaprender.com.mx\/index.php\/wp-json\/wp\/v2\/pages"}],"about":[{"href":"https:\/\/www.aprenderaaprender.com.mx\/index.php\/wp-json\/wp\/v2\/types\/page"}],"author":[{"embeddable":true,"href":"https:\/\/www.aprenderaaprender.com.mx\/index.php\/wp-json\/wp\/v2\/users\/1"}],"replies":[{"embeddable":true,"href":"https:\/\/www.aprenderaaprender.com.mx\/index.php\/wp-json\/wp\/v2\/comments?post=117"}],"version-history":[{"count":3,"href":"https:\/\/www.aprenderaaprender.com.mx\/index.php\/wp-json\/wp\/v2\/pages\/117\/revisions"}],"predecessor-version":[{"id":206,"href":"https:\/\/www.aprenderaaprender.com.mx\/index.php\/wp-json\/wp\/v2\/pages\/117\/revisions\/206"}],"wp:attachment":[{"href":"https:\/\/www.aprenderaaprender.com.mx\/index.php\/wp-json\/wp\/v2\/media?parent=117"}],"curies":[{"name":"wp","href":"https:\/\/api.w.org\/{rel}","templated":true}]}}